4. Calculate f(14).
-4
Let f(q) = 6*q + 54. Let d(g) = 18*g + 154. Let h(m) = 6*d(m) - 17*f(m). Determine h(-2).
-6
Suppose -4*n + 9 + 3 = 0. Let a(i) = 2*i**2 + 2*i**3 - 37*i + 19*i + 21*i + 0*i**n. Give a(-2).
-14
Suppose -2*l + 27 = l. Let y = -6 + l. Let p(d) = 8*d**2 + y*d + 2*d - 7*d**2. Calculate p(-4).
-4
Let b(i) be the second derivative of -i**3/2 + i**2/2 + i. Suppose 2*v = 2*f - 16, -2*v - 11 = 12*f - 13*f. What is b(f)?
-14
Let a(y) = y**3 + 7*y**2 + 7*y + 4. Let i = -55 + 58. Suppose 0 = -i*p + 4*p + 6. Determine a(p).
-2
Let s(h) = 6*h**2 + 0 + 2 + 6*h**3 + 14*h**3 - 5*h - 19*h**3. Determine s(-7).
-12
Let x(q) = -4*q + 3. Suppose 3*r - 18 - 9 = 0. Let u = r + -7. What is x(u)?
-5
Let n(f) = 51*f**3 - 4*f**2 + 8*f - 5. Let h(i) = 102*i**3 - 9*i**2 + 17*i - 11. Let c(o) = -6*h(o) + 13*n(o). Determine c(-1).
-50
Let m(z) = -z**2 - 6*z + 2. Let i(j) be the third derivative of 1/120*j**6 - 7*j**2 + 0 + 0*j + 1/12*j**4 + 1/12*j**5 + 5/6*j**3. Let k be i(-5). What is m(k)?
7
Let j(t) = -t. Let b(y) be the third derivative of y**4/4 + 5*y**3/6 + 2*y**2. Let g(h) = -b(h) - 5*j(h). What is g(-4)?
-1
Let u = -18 + 19. Let b be (-39)/18 - 3/(-18). Let s(c) = c - 1. Let o(z) = -11*z**2 + 2*z - 3. Let n(i) = b*s(i) + o(i). Calculate n(u).
-12
Let q(c) be the third derivative of c**5/60 + 3*c**4/8 + c**3/3 - 53*c**2. Give q(-9).
2
Suppose -3 = -7*l + 18. Let g(z) = 1. Let a(w) = w - 4. Let v(o) = l*g(o) + a(o). Suppose -5*u = 4*c - 29 - 6, -5*u + 5*c + 35 = 0. What is v(u)?
6
Let t = -18 - -34. Suppose 5*v - w + 23 + 57 = 0, -v + 5*w = t. Let g = v + 21. Let b(n) = -n**2 + 7*n - 7. Give b(g).
3
Suppose o - 9 = 2*r, -3*o + 16 = -4*r - 3. Let v(s) = -7*s + 2. Give v(o).
-5
Let u(v) = -16 + 8 + 8*v + 4 + 0. Determine u(3).
20
Let v(r) = -r**2 + r. Let w(a) = 5*a**2 - 11*a + 1. Let o(s) = 6*v(s) + w(s). Suppose 2*l + n = -0 - 10, -3*l - 8 = 5*n. Determine o(l).
-5
Let v = 753 + -757. Let w(q) = -q**3 - 3*q**2 + q - 1. Determine w(v).
11
Let u(v) = v**2 - 7*v - 4. Suppose w = 2*z - 3 - 0, -3*z + 2*w = -4. Suppose -z*y + 12 + 4 = 0. What is u(y)?
4
Let y(q) = 2*q. Suppose -7*s + 22*s + 120 = 0. Give y(s).
-16
Let g be (3/2)/(18/(-36)). Let s(j) = -5 + 2 - 8*j + 1. Determine s(g).
22
Let h be 21/1*(-36)/(-252). Let j(f) = f**3 - 5*f - 1. Calculate j(h).
11
Let b(n) be the first derivative of 2*n**3/3 - n**2 + 13*n - 34. Let q(d) be the first derivative of b(d). What is q(-2)?
-10
Suppose -2*p = a - 1 - 0, -23 = 4*p - 3*a. Suppose -5*x + 11 = -4*n, 0*n + 3*n + 12 = 5*x. Let j(o) = -2*o**3 + 0*o - x*o + 0*o**3 - 4*o**2. What is j(p)?
6
Let w(d) = -3*d + 9. Let k(v) = 5*v - 9. Let i(a) = -4*k(a) - 6*w(a). Determine i(-12).
6
Let g(n) = -n + 8*n**2 - 2*n**2 - 2 - 2*n**2 - 3*n**2. Calculate g(-3).
10
Let u(b) = -2*b**2 - 1 + 6*b**2 + b**2 - 3*b**2. Let n = -7 - -8. Determine u(n).
1
Let o(u) = -u + 11. Let k be (-16)/120 - 728/(-60). Determine o(k).
-1
Let s be -3*3 - (15 - (-15 - -28)). Let n(h) = -3*h - 37. Determine n(s).
-4
Let z be (-87)/2 + 12/8. Let f be (-2)/(-12) - (-49)/z. Let q be 4 + (f - (-1 - 2)). Let x(m) = m**3 - 5*m**2 - 8*m + 7. What is x(q)?
-5
Let h(m) = -m**2 + 3*m + 3. Let i = -24 - -28. Suppose 15 = i*v + v. Calculate h(v).
3
Suppose 10*d - 8*d = 156. Let u(r) = -r**3 + 4*r + 5*r**2 + d - 3*r - 82. What is u(4)?
16
Let w = 30 - 20. Suppose -9*p = -14*p + w. Let l(o) = -p - 5 + 0 - 3*o + 5. Calculate l(-3).
7
Let w(h) = -h. Let v(i) = i**3 - 7*i**2 + 2*i. Let n be v(7). Suppose -m + 4*a = -n, 2*m = -4*a + 2*a + 8. Let r be (-26)/(-13)*m/(-4). Determine w(r).
3
Let j(t) = 22*t + 10. Let c(y) = -7*y - 3. Suppose b - 16 + 6 = 0. Let q(a) = b*c(a) + 3*j(a). Determine q(3).
-12
Let v(u) = u**3 + 4*u**2 + 3. Suppose 3*c - 33 = -5*i + 2, -4*i + 21 = c. Suppose -4 = -i*n + 8. Suppose n*m = 2*m + o - 7, 3*m = 2*o - 18. Give v(m).
3
Let w(t) be the first derivative of 3*t**4/4 - t**3/3 - 261. Calculate w(-1).
-4
Let f = 1 + 1. Let o(v) be the third derivative of -1/12*v**4 - 24*v**2 + 0*v**3 + 0 + 0*v. What is o(f)?
-4
Let g(w) = w**3 - 19*w**2 + 17*w + 21. Suppose -4*r + 16 = 2*b, -11*b - 5*r + 29 = -8*b. What is g(b)?
3
Let h(l) = 3*l + 25. Let r = -909 - -900. Calculate h(r).
-2
Let a(v) be the third derivative of -v**6/120 - v**5/10 + 7*v**4/24 - 5*v**3/6 + 507*v**2. Give a(-7).
-5
Suppose -9*v = 834 - 798. Let g(l) = 10*l + 6. What is g(v)?
-34
Suppose -6*f + 139 = -35. Suppose -32*m - 6 = -f*m. Let v(l) = -l**3 + l**2 - 1. What is v(m)?
11
Let j be (-18)/4*(-4)/(-3). Let n(h) = 53*h**2 - 9*h + 4. Let m(w) = -85*w**2 + 13*w - 6. Let v(r) = 5*m(r) + 8*n(r). Give v(j).
8
Let r(g) = -g**3 - 13*g**2 + 14*g + 10. Let p be r(-14). Suppose -2*o = -3*t - 15, -3*o = -p + 1. Let c(d) = -d - 6. Calculate c(t).
-3
Suppose -2 = y - 0. Let k(r) be the first derivative of 6 + 3/2*r**2 + r + 0*r**3 - 1/4*r**4. Calculate k(y).
3
Let f(d) be the first derivative of 0*d - 2/3*d**3 + 1/60*d**5 - 7/24*d**4 - 3 + 0*d**2. Let b(q) be the third derivative of f(q). Determine b(5).
3
Let l(b) = 3*b**3 + 5*b**2 + 4*b. Let n(m) = -14*m**3 - 21*m**2 - 17*m - 1. Let z(j) = 9*l(j) + 2*n(j). Determine z(3).
4
Let v(p) = p + 48. Let h be v(-43). Let t(q) = q - 3. Let b be (13 - 2)/((-1)/1). Let o(x) = -5*x + 15. Let l(r) = b*t(r) - 2*o(r). Determine l(h).
-2
Let d(y) = 4*y. Let q(o) = -5*o + 15. Let t(l) = 11*l - 29. Let s(a) = 7*q(a) + 4*t(a). Let f be s(4). Suppose -f*v = -20*v - 15. Determine d(v).
12
Let v(x) = 5*x + 3. Let w(q) = -3*q - 2. Suppose k = -2*k + 24. Let s(p) = k*w(p) + 5*v(p). Let f be (-3 + 6)*(-1)/3. What is s(f)?
-2
Let b(f) = 3*f - 4. Let m(z) = -z**3 + 6*z**2 - 4*z + 21. Let g be m(6). Give b(g).
-13
Let p(j) = -j**3 - 6*j**2 - 6*j. Suppose 0 = 3*w - 0*w - 3*q - 15, q + 1 = 0. Let a be w/(-4) - -13 - 0. Suppose -a = 3*t + 3. Determine p(t).
5
Suppose -3*s = -4*s. Let a(i) = 2*i**3 + 2*i**2 - 3*i - 15. Let d(z) = -z**3 - z**2 + z + 7. Let y(x) = -2*a(x) - 5*d(x). What is y(s)?
-5
Let c(k) = -k**3 - 7*k**2 - 9*k - 12. Suppose 2*u + 6 = -a, 0*a - 4*a - 24 = -2*u. Give c(a).
6
Let f(y) = -2*y - 2. Suppose 3*v - 3*d - 3 = 0, -3*v - 3*d + 7 = -8. Let n(o) = v*o**2 - 4*o - 13 - 2*o**2 + 15. Let b be n(4). Determine f(b).
-6
Let b(v) = 9*v**3 - v**2 - v - 1. Let l be 244/11 - 22/121. Suppose l*u + 2 = 20*u. What is b(u)?
-10
Suppose -14*b + 10 + 18 = 0. Let o(l) = -2*l**2 + l - 1. Determine o(b).
-7
Let b(f) = -4 + 71*f + 61*f + 26 - 129*f. What is b(-7)?
1
Let m(y) = -y - 7. Let k = 29 + -26. Suppose -3*u - 5*r + 30 = 0, k*r + 3 = -u + 17. Determine m(u).
-12
Let x(q) be the third derivative of -q**6/720 + q**5/10 + 7*q**4/24 + q**3/6 + 10*q**2. Let o(r) be the second derivative of x(r). Calculate o(6).
6
Suppose 5*t + 2*t = -t. Let j(z) = z**2 - 7*z - 13. Let a be j(9). Let h(f) = -f - 4*f + a + 3*f + t*f. What is h(6)?
-7
Let h(t) = 4*t + 32. Let i = -56 - -49. Let w be h(i). Let b(u) = u + 3. Determine b(w).
7
Let q(b) = 16*b**3 - 44*b**2 - 50*b - 40. Let i(k) = -3*k**3 + 8*k**2 + 10*k + 8. Let y(n) = -11*i(n) - 2*q(n). Give y(-3).
-5
Let p(y) = 0 - 1 - 5*y + 2*y. Let w be -2*((-21)/(-6) - 3) + -18. Let s be (w/(-3))/1 + (-1)/3. Determine p(s).
-19
Let g(x) = -15*x**3 - 3168 + x**2 - 3173 - x + 6340. Give g(-1).
16
Let k(g) = -4 - 3 + 5 + 3. Let t(h) = -h**3 - 9*h**2 - 7*h + 6. Let a(b) = 2*k(b) - t(b). Give a(-8).
4
Let u be (-20)/5*1/(-2). Suppose 2*n + 16 = -3*g, u*n + 0 - 4 = 2*g. Let h(r) = 6 - 2 - 2 + 5*r. What is h(n)?
-8
Let d(k) be the third derivative of k**6/60 + k**5/30 - k**4/12 - k**3/2 + 5*k**2. Let i be d(-2). Let g(a) = 3 - a**2 + 11 - 5 - 5*a. What is g(i)?
-5
Suppose 4*a - 2 = 2. Let n(g) = 33*g**3 + 22*g**2 + 5*g + 8. Let j(v) = 50*v**3 + 35*v**2 + 8*v + 13. Let m(i) = 5*j(i) - 8*n(i). Give m(a).
-14
Let w(d) = d**3 + 40*d**2 - 3*d**2 + 7*d**2 - 18*d**2. Give w(-26).
0
Let f(l) = 2*l + 1. Let q = 186 - 184. Let k(b) = -1 + b + b - 4*b. Let t be k(q). Determine f(t).
-9
Let s(l) = -l - 13. Let b be 3950/125 - (-3)/(-5). Let c = -42 + b. Calculate s(c).
-2
Let r(q) = 3*q + 1 - 4 - 6*q - q**2 - 5*q - 9. Calculate r(-7).
-5
Let c(g) be the third derivative of 1/6*g**3 - 1/60*g**5 + 0 + 0*g + 1/10*g**6 + 3*g**2 + 0*g**4. Give c(-1).
-12
Let j = -241 - -235. Let w(q) = q**3 + 6*q**2 - q - 7. Give w(j).
-1
Let j(t) be the first deriv